visor of x and 63?
9
Let o be (-220)/(-4) + 3*(-7)/3. Calculate the greatest common divisor of o and 400.
16
Let o = 60 - 56. Suppose -8 = -3*c - p, -p = 3*p - 20. What is the greatest common divisor of c and o?
1
Suppose g - 10 = -4*g. Let s = 11 - g. Let o = 178 - 106. Calculate the highest common divisor of s and o.
9
Suppose -6*v + 185 + 649 = 0. Let i = v - 109. What is the greatest common factor of i and 150?
30
Let l be 7/(-105) + (-3001)/(-15). What is the highest common divisor of l and 50?
50
Let z = -8 + 28. Suppose -58 = -3*b + a, 3*b + a - 1 = 61. Calculate the highest common factor of b and z.
20
Suppose -17*y = -21*y - 12. Let x be (4/10)/((-1)/5). Let u be x + -51*1/y. Calculate the highest common factor of u and 10.
5
Let p be ((-2067)/(-26))/((-6)/(-4)). Let q = p + -11. What is the highest common divisor of q and 28?
14
Suppose f + 16 = a - 24, -160 = 4*f + 5*a. Let q = f - -43. Calculate the greatest common divisor of 6 and q.
3
Let u be (104/(-10))/(-6 + (-928)/(-155)). Calculate the highest common divisor of u and 62.
62
Let d be -44*(-8)/88*2. Suppose 3*v + 5*k + 14 = -3, -2*k = 5*v + 3. Calculate the greatest common factor of d and v.
1
Suppose 7*l - 6 = 10*l. Let p be 75/(-6) - l/4. Let x be 11/4 - p/(-16). Calculate the highest common factor of x and 18.
2
Let d = 59 + -71. Let s be 4 + -1 - 18/d*2. Suppose 0 = -2*l - 0*l + 2*t + 20, 25 = l + 2*t. What is the greatest common divisor of l and s?
3
Let p be 22 + -21 + 9/1. Suppose -2*u - p = -2*w - 3*u, 0 = 4*u + 8. What is the greatest common factor of w and 72?
6
Suppose j = -5*n + 222, -8*n = -6*n + 4*j - 96. Calculate the highest common factor of n and 704.
44
Suppose 5*w - 102 = -7*i + 4*i, -37 = -2*w - 5*i. Let o = w - -11. Suppose 0 = -4*f + 2*n - 3*n + 318, 4*n = -8. Calculate the highest common factor of o and f.
16
Let j be (-776)/6*72/(-12). Suppose -j = -4*t - t - 4*v, -5*t = 5*v - 775. Calculate the highest common factor of t and 12.
12
Suppose 3*g + 0*g = 30. Let x be g/3*(-6)/(-4). Suppose -x*p - 48 - 2 = -5*z, -3*z + p = -20. What is the greatest common divisor of 25 and z?
5
Let l be -3 + 37 + -14 + (1 - -3). What is the highest common factor of 72 and l?
24
Suppose 3*c - 5*c = z + 14, -5*z - 65 = 5*c. Let d be 16/(-10)*3/z*10. What is the greatest common divisor of 8 and d?
4
Let q(v) = 18*v - 296. Let l be q(18). Calculate the greatest common divisor of 700 and l.
28
Suppose 7*q - 3*q + 16 = 0. Let i be 1/q - (2190/(-24) - -3). What is the highest common factor of 22 and i?
22
Let q(f) = 2*f + 23. Let t be q(-10). Suppose -t*r = -7 - 5. Let m be (-24)/(-36)*150/r. What is the highest common divisor of 10 and m?
5
Let m be (-4 + 497/2)*8/6. Let z = 526 - m. Suppose 0*h - 50 = -2*h. Calculate the highest common divisor of z and h.
25
Suppose 59 = 4*w - 49. Calculate the greatest common factor of w and 297.
27
Let z = -1236 + 1242. Calculate the highest common divisor of 30 and z.
6
Let b be (15 - (-1488)/80)*15/4. Calculate the highest common divisor of b and 414.
18
Suppose -2*c - 2*j = -76, 5*c - 4*j - 194 = -8*j. Let n = 146 - c. Calculate the greatest common divisor of n and 13.
13
Suppose 4*d - 8*d + 5*r = 49, 5*r + 95 = -5*d. Let b = d + 8. Let o be (-4)/b*-8 - -16. Calculate the highest common divisor of o and 84.
12
Let v be 1725/195 + (4/(-13))/(-2). Calculate the highest common factor of 21 and v.
3
Let c = 28 + 76. Calculate the greatest common factor of 13 and c.
13
Suppose -3*b + 182 = 5*d - 161, 5*d = 4*b - 539. Let h = -155 - -227. Suppose h = 2*q + 2*q. What is the greatest common factor of b and q?
18
Suppose 2*l = o + 55, -4*l - 3*o - 39 + 124 = 0. Calculate the greatest common divisor of l and 45.
5
Let h(r) = 6*r - 51. Let q(j) = 3*j - 26. Let a(i) = 4*h(i) - 9*q(i). Let y be a(-11). Calculate the highest common divisor of y and 9.
9
Suppose 0 = 5*o - f - 49, -5*o = -0*f + 2*f - 52. What is the greatest common factor of o and 32?
2
Suppose 2*m = 4*m - 8. Suppose 0 = m*c - 0*c - 60. Let f be 4/14 - (-836)/14. Calculate the highest common divisor of c and f.
15
Let k = -8 - -44. Let t(g) = -34*g**2 - 2*g - 1. Let q be t(-1). Let p = 51 + q. What is the highest common divisor of k and p?
18
Let f(b) = 3*b**3 - b**2 + 2*b - 2. Let v be f(4). Let k = -22836 - -22850. Calculate the highest common factor of v and k.
14
Suppose -5*o + 648 = a, a = -4*a - 10. Suppose 119 = -3*k - 199. Let i = -54 - k. What is the greatest common divisor of i and o?
26
Suppose 247 + 501 = l. Calculate the greatest common divisor of 68 and l.
68
Let l(m) = m**3 - 3*m**2 + m - 5. Let r be l(5). Suppose -16*z - 11*z = -382 + 112. Calculate the greatest common factor of r and z.
10
Suppose -56*l + 74*l = 72. What is the highest common factor of l and 116?
4
Let d(p) = 11*p**2 + 8*p - 10. Suppose w = -4*z + z - 8, -w - 12 = 4*z. Let a be d(w). Calculate the highest common factor of a and 18.
18
Let f(q) = -q + 6. Let n be f(3). Let c(y) be the second derivative of 2*y**3/3 - y**2/2 + 9*y. Let k be c(n). Calculate the highest common divisor of k and 55.
11
Let u(t) = t. Let s be u(4). Let b = s - -40. Let z be ((-4)/5)/((-1)/5). What is the greatest common divisor of z and b?
4
Let h = 43 - 32. Let c(o) = h*o**2 + 20 - 8*o + 5*o**2 - o**2 - 7*o + o**3. Let b be c(-16). Calculate the highest common divisor of b and 4.
4
Let i be 6 + (4 - (-2 - -5)). What is the highest common divisor of 21 and i?
7
Let q = 252 - -20. What is the greatest common factor of q and 17?
17
Let f(b) = 3*b**2 - 2*b - 1. Let t be f(3). What is the highest common factor of 80 and t?
20
Let s(p) = -32*p**3 - p**2 + 12*p + 14. Let b be s(-1). Calculate the greatest common factor of 12 and b.
3
Let s(t) = t**2 - 7*t + 231. Let z be s(0). What is the greatest common factor of 21 and z?
21
Suppose 399*c = 390*c + 81. Calculate the greatest common divisor of 11 and c.
1
Let f be 2/(-15) - 149663/(-285). Calculate the highest common divisor of 42 and f.
21
Let h be 1 - -23 - (-33)/(-11). What is the greatest common divisor of h and 35?
7
Suppose 0 = u + 4*u - 55. Suppose -u = -3*w + 76. What is the highest common factor of 29 and w?
29
Let o(z) = -z**2 - 7*z - 1. Let t be o(-6). Suppose -9 = 3*j, s = t*j - 2*j + 107. Calculate the greatest common divisor of s and 14.
14
Let h = -2576 - -2780. What is the greatest common divisor of h and 3?
3
Suppose -11*t = -2569 - 2106. What is the highest common divisor of t and 17?
17
Suppose 3*l - 2 = 13. Suppose 3*f - 171 = -5*v + 5*f, -5*v - f + 177 = 0. What is the highest common divisor of v and l?
5
Let m be (4 + 18)/(-2) - 1. Let p be (-3 + -3)/(m/(-186)). Let k = p + 147. Calculate the greatest common factor of 81 and k.
27
Let y = 7 + -5. Let q(w) = -w**2 + 2*w + 1. Let v be q(y). Calculate the greatest common factor of 4 and v.
1
Let w = 161 + -17. Calculate the highest common divisor of 18 and w.
18
Let y be 27/3 + 4 - -3. Suppose 8*h - 3*h + 5*i = 15, -4*h + y = 5*i. Let k be h + 133 + 2 + 2. What is the highest common divisor of 17 and k?
17
Suppose -h = -4*c + 2 + 33, 3*c + 4*h - 12 = 0. Suppose 2*s - 60 + 12 = 0. What is the highest common factor of c and s?
8
Let a be (-6)/(-9) - (-140)/6. Let o = 484 - 476. What is the greatest common divisor of o and a?
8
Let t(f) = 0*f - 3*f + 0*f + f - 3. Let u be t(-2). Suppose 2*k - 25 = u. What is the greatest common factor of k and 143?
13
Let a(b) = -3*b - 6. Let p be 1/(-4) - 405/60. Let l be a(p). Let j = l + -3. Calculate the highest common factor of 18 and j.
6
Let c be ((-26)/6)/((-8)/24). Let p(z) = 18*z - 18. Let w be p(14). What is the highest common divisor of c and w?
13
Suppose -14*v + 22 = 8. Let s = 4 - 3. Calculate the highest common divisor of v and s.
1
Suppose 2*v = 2*d + 4 + 14, 2*v = -3*d + 8. Let y be (-12 - v)/(-1 + 0). Calculate the highest common divisor of 57 and y.
19
Let n be 10 + 0 + (-8 - -9). Let z be 7/(-2)*12/(-7). Let i be 1 - ((z - 3) + -35). What is the greatest common divisor of i and n?
11
Let n be 9756/48 - 3/(-4). What is the highest common factor of n and 85?
17
Suppose 6*p = h + 1725, 1164 = p + 3*p + 4*h. Calculate the highest common factor of 672 and p.
96
Let y(p) = 35*p - 1260. Let r be y(58). What is the highest common factor of r and 350?
70
Let p = -439 -